{"id":93354,"date":"2021-02-25T15:37:49","date_gmt":"2021-02-25T14:37:49","guid":{"rendered":"https:\/\/xanatis.com\/~barcelonasotheby\/?page_id=93354"},"modified":"2021-02-25T15:37:49","modified_gmt":"2021-02-25T14:37:49","slug":"zona-alta","status":"publish","type":"page","link":"https:\/\/www.barcelona-sothebysrealty.com\/ca\/cases-venda\/barcelona\/zona-alta\/","title":{"rendered":"Cases de luxe amb Jard\u00ed privat a Barcelona"},"content":{"rendered":"<p><span style=\"font-weight: 400;\">A Barcelona Sotheby&#8217;s\u00a0<\/span><span style=\"font-weight: 400;\">International<\/span><span style=\"font-weight: 400;\">\u00a0<\/span><span style=\"font-weight: 400;\">Realty<\/span><span style=\"font-weight: 400;\">\u00a0disposem d&#8217;un ampli\u00a0<\/span><span style=\"font-weight: 400;\">porfolio<\/span><span style=\"font-weight: 400;\">\u00a0de cases de luxe en venda en la Zona Alta de Barcelona. Gr\u00e0cies a la reputaci\u00f3 i al prestigi global de Sotheby&#8217;s\u00a0<\/span><span style=\"font-weight: 400;\">International<\/span><span style=\"font-weight: 400;\">\u00a0<\/span><span style=\"font-weight: 400;\">Realty<\/span><span style=\"font-weight: 400;\">\u00a0tenim acc\u00e9s a les propietats m\u00e9s exclusives que es concentren en el districte de\u00a0<\/span><span style=\"font-weight: 400;\">Sarri\u00e0-Sant<\/span><span style=\"font-weight: 400;\">\u00a0Gervasi. Petits palaus, antigues torres d&#8217;estiueig, mansions i tot tipus de finques entre les quals segur trobar\u00e0 l&#8217;immoble que desitja.<\/span><\/p>\n<p><span style=\"font-weight: 400;\">En el nostre cat\u00e0leg destaquen les casa de luxe amb jard\u00ed privat, situades principalment en els barris de Tres Torres, Galvany,\u00a0<\/span><span style=\"font-weight: 400;\">Sarri\u00e0<\/span><span style=\"font-weight: 400;\">\u00a0i Pedralbes. Un respir d&#8217;aire fresc enmig de la ciutat, en les zones amb millor qualitat de vida i amb acc\u00e9s als millors serveis. Un petit parad\u00eds urb\u00e0.<\/span><\/p>\n","protected":false},"excerpt":{"rendered":"<p>A Barcelona Sotheby&#8217;s\u00a0International\u00a0Realty\u00a0disposem d&#8217;un ampli\u00a0porfolio\u00a0de cases de luxe en venda en la Zona Alta de Barcelona. Gr\u00e0cies a la reputaci\u00f3<a class=\"more-link\" href=\"https:\/\/www.barcelona-sothebysrealty.com\/ca\/cases-venda\/barcelona\/zona-alta\/\">Llegir M\u00e9s<\/a><\/p>\n","protected":false},"author":2,"featured_media":0,"parent":93351,"menu_order":0,"comment_status":"closed","ping_status":"closed","template":"page-listado.php","meta":[],"yoast_head":"<!-- This site is optimized with the Yoast SEO plugin v17.1 - https:\/\/yoast.com\/wordpress\/plugins\/seo\/ -->\n<meta name=\"robots\" content=\"index, follow, max-snippet:-1, max-image-preview:large, max-video-preview:-1\" \/>\n<meta property=\"og:locale\" content=\"ca_ES\" \/>\n<meta property=\"og:type\" content=\"article\" \/>\n<meta property=\"og:title\" content=\"Cases de luxe amb Jard\u00ed privat a Barcelona - Barcelona Sotheby&#039;s\" \/>\n<meta property=\"og:description\" content=\"A Barcelona Sotheby&#8217;s\u00a0International\u00a0Realty\u00a0disposem d&#8217;un ampli\u00a0porfolio\u00a0de cases de luxe en venda en la Zona Alta de Barcelona. Gr\u00e0cies a la reputaci\u00f3Llegir M\u00e9s\" \/>\n<meta property=\"og:url\" content=\"https:\/\/www.barcelona-sothebysrealty.com\/ca\/cases-venda\/barcelona\/zona-alta\/\" \/>\n<meta property=\"og:site_name\" content=\"Barcelona Sotheby&#039;s Realty\" \/>\n<meta name=\"twitter:card\" content=\"summary_large_image\" \/>\n<meta name=\"twitter:label1\" content=\"Temps estimat de lectura\" \/>\n\t<meta name=\"twitter:data1\" content=\"1 minut\" \/>\n<script type=\"application\/ld+json\" class=\"yoast-schema-graph\">{\"@context\":\"https:\/\/schema.org\",\"@graph\":[{\"@type\":\"Organization\",\"@id\":\"https:\/\/www.barcelona-sothebysrealty.com\/es\/#organization\",\"name\":\"Barcelona Sotheby's Realty\",\"url\":\"https:\/\/www.barcelona-sothebysrealty.com\/es\/\",\"sameAs\":[],\"logo\":{\"@type\":\"ImageObject\",\"@id\":\"https:\/\/www.barcelona-sothebysrealty.com\/es\/#logo\",\"inLanguage\":\"ca\",\"url\":\"https:\/\/www.barcelona-sothebysrealty.com\/wp-content\/uploads\/2023\/10\/sothebys-barcelona-logo-3.png\",\"contentUrl\":\"https:\/\/www.barcelona-sothebysrealty.com\/wp-content\/uploads\/2023\/10\/sothebys-barcelona-logo-3.png\",\"width\":274,\"height\":274,\"caption\":\"Barcelona Sotheby's Realty\"},\"image\":{\"@id\":\"https:\/\/www.barcelona-sothebysrealty.com\/es\/#logo\"}},{\"@type\":\"WebSite\",\"@id\":\"https:\/\/www.barcelona-sothebysrealty.com\/es\/#website\",\"url\":\"https:\/\/www.barcelona-sothebysrealty.com\/es\/\",\"name\":\"Barcelona Sotheby&#039;s\",\"description\":\"Otro sitio realizado con WordPress\",\"publisher\":{\"@id\":\"https:\/\/www.barcelona-sothebysrealty.com\/es\/#organization\"},\"potentialAction\":[{\"@type\":\"SearchAction\",\"target\":{\"@type\":\"EntryPoint\",\"urlTemplate\":\"https:\/\/www.barcelona-sothebysrealty.com\/es\/?s={search_term_string}\"},\"query-input\":\"required name=search_term_string\"}],\"inLanguage\":\"ca\"},{\"@type\":\"WebPage\",\"@id\":\"https:\/\/www.barcelona-sothebysrealty.com\/ca\/cases-venda\/barcelona\/zona-alta\/#webpage\",\"url\":\"https:\/\/www.barcelona-sothebysrealty.com\/ca\/cases-venda\/barcelona\/zona-alta\/\",\"name\":\"Cases de luxe amb Jard\\u00ed privat a Barcelona - Barcelona Sotheby&#039;s\",\"isPartOf\":{\"@id\":\"https:\/\/www.barcelona-sothebysrealty.com\/es\/#website\"},\"datePublished\":\"2021-02-25T14:37:49+00:00\",\"dateModified\":\"2021-02-25T14:37:49+00:00\",\"breadcrumb\":{\"@id\":\"https:\/\/www.barcelona-sothebysrealty.com\/ca\/cases-venda\/barcelona\/zona-alta\/#breadcrumb\"},\"inLanguage\":\"ca\",\"potentialAction\":[{\"@type\":\"ReadAction\",\"target\":[\"https:\/\/www.barcelona-sothebysrealty.com\/ca\/cases-venda\/barcelona\/zona-alta\/\"]}]},{\"@type\":\"BreadcrumbList\",\"@id\":\"https:\/\/www.barcelona-sothebysrealty.com\/ca\/cases-venda\/barcelona\/zona-alta\/#breadcrumb\",\"itemListElement\":[{\"@type\":\"ListItem\",\"position\":1,\"name\":\"Portada\",\"item\":\"https:\/\/www.barcelona-sothebysrealty.com\/ca\/\"},{\"@type\":\"ListItem\",\"position\":2,\"name\":\"Barcelona i Costa Brava &#8211; Compra i venda de cases de luxe\",\"item\":\"https:\/\/www.barcelona-sothebysrealty.com\/ca\/cases-venda\/\"},{\"@type\":\"ListItem\",\"position\":3,\"name\":\"Cases de luxe en venda a Barcelona\",\"item\":\"https:\/\/www.barcelona-sothebysrealty.com\/ca\/cases-venda\/barcelona\/\"},{\"@type\":\"ListItem\",\"position\":4,\"name\":\"Cases de luxe amb Jard\\u00ed privat a Barcelona\"}]}]}<\/script>\n<!-- \/ Yoast SEO plugin. -->","yoast_head_json":{"robots":{"index":"index","follow":"follow","max-snippet":"max-snippet:-1","max-image-preview":"max-image-preview:large","max-video-preview":"max-video-preview:-1"},"og_locale":"ca_ES","og_type":"article","og_title":"Cases de luxe amb Jard\u00ed privat a Barcelona - Barcelona Sotheby&#039;s","og_description":"A Barcelona Sotheby&#8217;s\u00a0International\u00a0Realty\u00a0disposem d&#8217;un ampli\u00a0porfolio\u00a0de cases de luxe en venda en la Zona Alta de Barcelona. Gr\u00e0cies a la reputaci\u00f3Llegir M\u00e9s","og_url":"https:\/\/www.barcelona-sothebysrealty.com\/ca\/cases-venda\/barcelona\/zona-alta\/","og_site_name":"Barcelona Sotheby's Realty","twitter_card":"summary_large_image","twitter_misc":{"Temps estimat de lectura":"1 minut"},"schema":{"@context":"https:\/\/schema.org","@graph":[{"@type":"Organization","@id":"https:\/\/www.barcelona-sothebysrealty.com\/es\/#organization","name":"Barcelona Sotheby's Realty","url":"https:\/\/www.barcelona-sothebysrealty.com\/es\/","sameAs":[],"logo":{"@type":"ImageObject","@id":"https:\/\/www.barcelona-sothebysrealty.com\/es\/#logo","inLanguage":"ca","url":"https:\/\/www.barcelona-sothebysrealty.com\/wp-content\/uploads\/2023\/10\/sothebys-barcelona-logo-3.png","contentUrl":"https:\/\/www.barcelona-sothebysrealty.com\/wp-content\/uploads\/2023\/10\/sothebys-barcelona-logo-3.png","width":274,"height":274,"caption":"Barcelona Sotheby's Realty"},"image":{"@id":"https:\/\/www.barcelona-sothebysrealty.com\/es\/#logo"}},{"@type":"WebSite","@id":"https:\/\/www.barcelona-sothebysrealty.com\/es\/#website","url":"https:\/\/www.barcelona-sothebysrealty.com\/es\/","name":"Barcelona Sotheby&#039;s","description":"Otro sitio realizado con WordPress","publisher":{"@id":"https:\/\/www.barcelona-sothebysrealty.com\/es\/#organization"},"potentialAction":[{"@type":"SearchAction","target":{"@type":"EntryPoint","urlTemplate":"https:\/\/www.barcelona-sothebysrealty.com\/es\/?s={search_term_string}"},"query-input":"required name=search_term_string"}],"inLanguage":"ca"},{"@type":"WebPage","@id":"https:\/\/www.barcelona-sothebysrealty.com\/ca\/cases-venda\/barcelona\/zona-alta\/#webpage","url":"https:\/\/www.barcelona-sothebysrealty.com\/ca\/cases-venda\/barcelona\/zona-alta\/","name":"Cases de luxe amb Jard\u00ed privat a Barcelona - Barcelona Sotheby&#039;s","isPartOf":{"@id":"https:\/\/www.barcelona-sothebysrealty.com\/es\/#website"},"datePublished":"2021-02-25T14:37:49+00:00","dateModified":"2021-02-25T14:37:49+00:00","breadcrumb":{"@id":"https:\/\/www.barcelona-sothebysrealty.com\/ca\/cases-venda\/barcelona\/zona-alta\/#breadcrumb"},"inLanguage":"ca","potentialAction":[{"@type":"ReadAction","target":["https:\/\/www.barcelona-sothebysrealty.com\/ca\/cases-venda\/barcelona\/zona-alta\/"]}]},{"@type":"BreadcrumbList","@id":"https:\/\/www.barcelona-sothebysrealty.com\/ca\/cases-venda\/barcelona\/zona-alta\/#breadcrumb","itemListElement":[{"@type":"ListItem","position":1,"name":"Portada","item":"https:\/\/www.barcelona-sothebysrealty.com\/ca\/"},{"@type":"ListItem","position":2,"name":"Barcelona i Costa Brava &#8211; Compra i venda de cases de luxe","item":"https:\/\/www.barcelona-sothebysrealty.com\/ca\/cases-venda\/"},{"@type":"ListItem","position":3,"name":"Cases de luxe en venda a Barcelona","item":"https:\/\/www.barcelona-sothebysrealty.com\/ca\/cases-venda\/barcelona\/"},{"@type":"ListItem","position":4,"name":"Cases de luxe amb Jard\u00ed privat a Barcelona"}]}]}},"_links":{"self":[{"href":"https:\/\/www.barcelona-sothebysrealty.com\/ca\/wp-json\/wp\/v2\/pages\/93354"}],"collection":[{"href":"https:\/\/www.barcelona-sothebysrealty.com\/ca\/wp-json\/wp\/v2\/pages"}],"about":[{"href":"https:\/\/www.barcelona-sothebysrealty.com\/ca\/wp-json\/wp\/v2\/types\/page"}],"author":[{"embeddable":true,"href":"https:\/\/www.barcelona-sothebysrealty.com\/ca\/wp-json\/wp\/v2\/users\/2"}],"replies":[{"embeddable":true,"href":"https:\/\/www.barcelona-sothebysrealty.com\/ca\/wp-json\/wp\/v2\/comments?post=93354"}],"version-history":[{"count":0,"href":"https:\/\/www.barcelona-sothebysrealty.com\/ca\/wp-json\/wp\/v2\/pages\/93354\/revisions"}],"up":[{"embeddable":true,"href":"https:\/\/www.barcelona-sothebysrealty.com\/ca\/wp-json\/wp\/v2\/pages\/93351"}],"wp:attachment":[{"href":"https:\/\/www.barcelona-sothebysrealty.com\/ca\/wp-json\/wp\/v2\/media?parent=93354"}],"curies":[{"name":"wp","href":"https:\/\/api.w.org\/{rel}","templated":true}]}}

Cases de luxe amb Jardí privat a Barcelona

<p><span style="font-weight: 400;">A Barcelona Sotheby&#8217;s </span><span style="font-weight: 400;">International</span><span style="font-weight: 400;"> </span><span style="font-weight: 400;">Realty</span><span style="font-weight: 400;"> disposem d&#8217;un ampli </span><span style="font-weight: 400;">porfolio</span><span style="font-weight: 400;"> de cases de luxe en venda en la Zona Alta de Barcelona. Gràcies a la reputació i al prestigi global de Sotheby&#8217;s </span><span style="font-weight: 400;">International</span><span style="font-weight: 400;"> </span><span style="font-weight: 400;">Realty</span><span style="font-weight: 400;"> tenim accés a les propietats més exclusives que es concentren en el districte de </span><span style="font-weight: 400;">Sarrià-Sant</span><span style="font-weight: 400;"> Gervasi. Petits palaus, antigues torres d&#8217;estiueig, mansions i tot tipus de finques entre les quals segur trobarà l&#8217;immoble que desitja.</span></p>
<p><span style="font-weight: 400;">En el nostre catàleg destaquen les casa de luxe amb jardí privat, situades principalment en els barris de Tres Torres, Galvany, </span><span style="font-weight: 400;">Sarrià</span><span style="font-weight: 400;"> i Pedralbes. Un respir d&#8217;aire fresc enmig de la ciutat, en les zones amb millor qualitat de vida i amb accés als millors serveis. Un petit paradís urbà.</span></p>

<p>A Barcelona Sotheby&#8217;s International Realty disposem d&#8217;un ampli porfolio de cases de luxe en venda en la Zona Alta de Barcelona. Gràcies a la reputació<a class="more-link" href="https://www.barcelona-sothebysrealty.com/ca/cases-venda/barcelona/zona-alta/">Llegir Més</a></p>

<!-- This site is optimized with the Yoast SEO plugin v17.1 - https://yoast.com/wordpress/plugins/seo/ -->
<meta name="robots" content="index, follow, max-snippet:-1, max-image-preview:large, max-video-preview:-1" />
<meta property="og:locale" content="ca_ES" />
<meta property="og:type" content="article" />
<meta property="og:title" content="Cases de luxe amb Jardí privat a Barcelona - Barcelona Sotheby&#039;s" />
<meta property="og:description" content="A Barcelona Sotheby&#8217;s International Realty disposem d&#8217;un ampli porfolio de cases de luxe en venda en la Zona Alta de Barcelona. Gràcies a la reputacióLlegir Més" />
<meta property="og:url" content="https://www.barcelona-sothebysrealty.com/ca/cases-venda/barcelona/zona-alta/" />
<meta property="og:site_name" content="Barcelona Sotheby&#039;s Realty" />
<meta name="twitter:card" content="summary_large_image" />
<meta name="twitter:label1" content="Temps estimat de lectura" />
	<meta name="twitter:data1" content="1 minut" />
<script type="application/ld+json" class="yoast-schema-graph">{"@context":"https://schema.org","@graph":[{"@type":"Organization","@id":"https://www.barcelona-sothebysrealty.com/es/#organization","name":"Barcelona Sotheby's Realty","url":"https://www.barcelona-sothebysrealty.com/es/","sameAs":[],"logo":{"@type":"ImageObject","@id":"https://www.barcelona-sothebysrealty.com/es/#logo","inLanguage":"ca","url":"https://www.barcelona-sothebysrealty.com/wp-content/uploads/2023/10/sothebys-barcelona-logo-3.png","contentUrl":"https://www.barcelona-sothebysrealty.com/wp-content/uploads/2023/10/sothebys-barcelona-logo-3.png","width":274,"height":274,"caption":"Barcelona Sotheby's Realty"},"image":{"@id":"https://www.barcelona-sothebysrealty.com/es/#logo"}},{"@type":"WebSite","@id":"https://www.barcelona-sothebysrealty.com/es/#website","url":"https://www.barcelona-sothebysrealty.com/es/","name":"Barcelona Sotheby&#039;s","description":"Otro sitio realizado con WordPress","publisher":{"@id":"https://www.barcelona-sothebysrealty.com/es/#organization"},"potentialAction":[{"@type":"SearchAction","target":{"@type":"EntryPoint","urlTemplate":"https://www.barcelona-sothebysrealty.com/es/?s={search_term_string}"},"query-input":"required name=search_term_string"}],"inLanguage":"ca"},{"@type":"WebPage","@id":"https://www.barcelona-sothebysrealty.com/ca/cases-venda/barcelona/zona-alta/#webpage","url":"https://www.barcelona-sothebysrealty.com/ca/cases-venda/barcelona/zona-alta/","name":"Cases de luxe amb Jard\u00ed privat a Barcelona - Barcelona Sotheby&#039;s","isPartOf":{"@id":"https://www.barcelona-sothebysrealty.com/es/#website"},"datePublished":"2021-02-25T14:37:49+00:00","dateModified":"2021-02-25T14:37:49+00:00","breadcrumb":{"@id":"https://www.barcelona-sothebysrealty.com/ca/cases-venda/barcelona/zona-alta/#breadcrumb"},"inLanguage":"ca","potentialAction":[{"@type":"ReadAction","target":["https://www.barcelona-sothebysrealty.com/ca/cases-venda/barcelona/zona-alta/"]}]},{"@type":"BreadcrumbList","@id":"https://www.barcelona-sothebysrealty.com/ca/cases-venda/barcelona/zona-alta/#breadcrumb","itemListElement":[{"@type":"ListItem","position":1,"name":"Portada","item":"https://www.barcelona-sothebysrealty.com/ca/"},{"@type":"ListItem","position":2,"name":"Barcelona i Costa Brava &#8211; Compra i venda de cases de luxe","item":"https://www.barcelona-sothebysrealty.com/ca/cases-venda/"},{"@type":"ListItem","position":3,"name":"Cases de luxe en venda a Barcelona","item":"https://www.barcelona-sothebysrealty.com/ca/cases-venda/barcelona/"},{"@type":"ListItem","position":4,"name":"Cases de luxe amb Jard\u00ed privat a Barcelona"}]}]}</script>
<!-- / Yoast SEO plugin. -->

Cases de luxe amb Jardí privat a Barcelona - Barcelona Sotheby&#039;s

A Barcelona Sotheby&#8217;s International Realty disposem d&#8217;un ampli porfolio de cases de luxe en venda en la Zona Alta de Barcelona. Gràcies a la reputacióLlegir Més
